0?
-102223111
In base 12, what is 22b89 - -b0?
23079
In base 3, what is 1 + -1021122111012110?
-1021122111012102
In base 2, what is -10 + 111010011010001010000000?
111010011010001001111110
In base 15, what is -62e7 - c23?
-701a
In base 13, what is 5b - -751597?
751625
In base 9, what is 1830 + 362158?
364088
In base 5, what is -2 + 2342224331?
2342224324
In base 4, what is 101 - -222200300?
222201001
In base 3, what is -12 + 1100200011002111?
1100200011002022
In base 8, what is -165146144 - -2?
-165146142
In base 13, what is -209 + -5174?
-5380
In base 8, what is 117620232 - 0?
117620232
In base 10, what is -1795 + -12327?
-14122
In base 9, what is 0 - 71371404?
-71371404
In base 8, what is -425 + -111300?
-111725
In base 12, what is -18 + 33b261?
33b245
In base 13, what is -6 + 4298a68?
4298a62
In base 5, what is 1213 + -101413021?
-101411303
In base 12, what is -132 + -780?
-8b2
In base 12, what is -643 - -8b16?
8493
In base 2, what is -1101001 + 10100100100101011001101?
10100100100101001100100
In base 8, what is 2 + -25277706?
-25277704
In base 13, what is -1479 - -112ab?
cb32
In base 15, what is 47 - 12ab1?
-12a69
In base 3, what is -10200011012 + -11112?
-10200022201
In base 14, what is -725a + -3611?
-a86b
In base 16, what is -18521efd - -2?
-18521efb
In base 10, what is 4 + 59836?
59840
In base 14, what is 8d01aa1d - -5?
8d01aa24
In base 14, what is -15a9 + -c6b?
-2436
In base 7, what is -2 - 11146263134?
-11146263136
In base 16, what is -639 + -2ec?
-925
In base 16, what is 2 + 812814?
812816
In base 8, what is 1004 - -15332?
16336
In base 2, what is 110011010111000100101101 + 100?
110011010111000100110001
In base 5, what is -1 - -121030023?
121030022
In base 16, what is -22 + 6e3d4?
6e3b2
In base 11, what is -63a + 852?
213
In base 12, what is -1598a607 + 0?
-1598a607
In base 12, what is -15401 + 5353?
-1006a
In base 14, what is -749 - 27522?
-27c6b
In base 2, what is -10010101110111010110010000 - 1000?
-10010101110111010110011000
In base 11, what is 3 - -18597119?
18597121
In base 7, what is 45634 + 13554?
62521
In base 15, what is 3 + -71cc59?
-71cc56
In base 10, what is 11 - -1518787?
1518798
In base 10, what is 349 + -16657?
-16308
In base 6, what is 11313144 + 201?
11313345
In base 2, what is 10000001 + 101011010111111?
101011101000000
In base 15, what is 11ccb48c + 2?
11ccb48e
In base 12, what is -52583a24 - -5?
-52583a1b
In base 8, what is -44456034 - -3?
-44456031
In base 4, what is -303323303 + -112?
-303330021
In base 8, what is -554 + 6640353?
6637577
In base 11, what is -517064 - -29?
-517036
In base 7, what is 21224010 - -23?
21224033
In base 2, what is -111000010111000 + -101101000?
-111001000100000
In base 13, what is -1 + -27a1677?
-27a1678
In base 10, what is 42697105 - 5?
42697100
In base 15, what is 69c4 + 1ed?
6bc2
In base 8, what is 11707442740 + -1?
11707442737
In base 10, what is -3356217 + -24?
-3356241
In base 12, what is -34 - 9687689?
-9687701
In base 9, what is -133826851 + 5?
-133826845
In base 3, what is 11222201101 + 10?
11222201111
In base 14, what is 7b8411 - -1?
7b8412
In base 6, what is 1000345 - -4230?
1005015
In base 14, what is -1dcc62c - -3?
-1dcc629
In base 2, what is -101111010 + 100100100001110111101?
100100100001001000011
In base 10, what is -16 + 1107175?
1107159
In base 2, what is -10001110101101110 + -10100011011?
-10010001010001001
In base 2, what is 10 + -101100111000111110011101?
-101100111000111110011011
In base 13, what is -4 + -1b11c84?
-1b11c88
In base 5, what is 14211213 - -1341?
14213104
In base 6, what is 2401 - 333141?
-330340
In base 11, what is -8 + 461036?
461029
In base 3, what is -120010222200212 - 22?
-120010222201011
In base 10, what is 7 + -42734355?
-42734348
In base 4, what is 33020202020120 + -3?
33020202020111
In base 6, what is -1213124 - -405145?
-403535
In base 8, what is -67655 - 712?
-70567
In base 3, what is 101110 + 122002022002?
122002200112
In base 2, what is -10 - -100001101001111111011111011?
100001101001111111011111001
In base 6, what is 202412 + -113351?
45021
In base 11, what is 1206a + 340?
123aa
In base 13, what is -7 - -243bb?
243b4
In base 12, what is -16749 + 259?
-164b0
In base 10, what is 4 + 138370432?
138370436
In base 15, what is -4 + -6d2585?
-6d2589
In base 9, what is 4 - 71156111?
-71156106
In base 8, what is -5 - 157045405?
-157045412
In base 3, what is 1020 - 100120202210?
-100120201120
In base 7, what is 10630066252 - 2?
10630066250
In base 2, what is -100000010001100 + 11110001011?
-11100100000001
In base 10, what is 3 - 1436701?
-1436698
In base 11, what is 67a79 + 193a?
69908
In base 16, what is 8e7f6c - -e?
8e7f7a
In base 9, what is 185 - -220125?
220321
In base 4, what is -2032 + -101310100?
-101312132
In base 6, what is -420242 + 10540?
-405302
In base 10, what is -2 + 114110603?
114110601
In base 9, what is -270744 + 25?
-270718
In base 8, what is 120 + 1164563?
1164703
In base 3, what is -20 + 11110110022201?
11110110022111
In base 9, what is 102 - -340822?
341024
In base 14, what is -29 - 16a81?
-16aaa
In base 4, what is -100013323 - -1010123?
-33003200
In base 6, what is 104142 + 3402?
111544
In base 13, what is b - -3087685?
3087693
In base 13, what is 3c + -160a83?
-160a44
In base 4, what is 3 + 111100300230?
111100300233
In base 9, what is 5 + 158644881?
158644886
In base 16, what is 2af10 - 6?
2af0a
In base 12, what is 2 + 2a87438?
2a8743a
In base 10, what is 0 + 1492886?
1492886
In base 7, what is 15266 - 12206?
3060
In base 13, what is 1a - -158870?
15888a
In base 10, what is -579268 + 1708?
-577560
In base 14, what is db0 - -13929?
148d9
In base 10, what is 246137023 - -4?
246137027
In base 8, what is -13520667 - 36?
-13520725
In base 8, what is 777 + 13327?
14326
In base 13, what is -84b82 + -478?
-8532a
In base 8, what is -142 + 17254523?
17254361
In base 3, what is 112021221 - -100002022?
212101020
In base 8, what is 424 - 546333?
-545707
In base 11, what is 4 - 230a10a3?
-230a109a
In base 9, what is -30 + 3020016?
3018876
In base 13, what is 5 + 534ab6?
534abb
In base 4, what is 21101 + 11330311?
12012012
In base 10, what is -17687103 - -5?
-17687098
In base 9, what is 6814505 + 35?
6814541
In base 10, what is -2 - -1862668?
1862666
In base 9, what is -1702 + -5501?
-7303
In base 11, what is -38433 + -505?
-38938
In base 13, what is -2 - -45b95cb?
45b95c9
In base 7, what is -21036010102 - 2?
-21036010104
In base 4, what is 33223 + 2123310003?
2130003232
In base 10, what is 30 - -9293?
9323
In base 10, what is 13453821 - -5?
13453826
In base 3, what is 10120 + 110021200121?
110021211011
In base 12, what is 22369a9a - 1?
22369a99
In base 13, what is -528b31 - 7?
-528b38
In base 2, what is 10110100110001101001001111100 - 100?
10110100110001101001001111000
In base 7, what is 1612 + -640504?
-635562
In base 16, what is -687b1 - f?
-687c0
In base 16, what is -22f71 + -67?
-22fd8
In base 6, what is -11224402141 - 3?
-11224402144
In base 11, what is 3482127 - -1?
3482128
In base 2, what is 1010010010111010010111010 + 1010?
1010010010111010011000100
In base 7, what is 1 + -3340311?
-3340310
In base 14, what is 28c4 - -14b09?
175cd
In base 7, what is 43 - -3203634?
3204010
In base 3, what is 10120120201 - -102?
10120121010
In base 9, what is -8307238 - -4?
-8307234
In base 12, what is b5647 - -209?
b5854
In base 16, what is -41098c9 - -1?
-41098c8
In base 6, what is -5414440351 + -2?
-5414440353
In base 7, what is -60533242 + -1?
-60533243
In base 6, what is 130510 - 154102?
-23152
In base 8, what is -1 - 20537344?
-20537345
In base 4, what is 32103 - -20030202?
20122311
In base 7, what is -2113013016 + -12?
-2113013031
In base 2, what is -1011110 - -11001100111000101?
11001100101100111
In base 16, what is -2e84b + 4?
-2e847
In base 8, what is -133 + 1267455?
1267322
In base 13, what is 1b - b91c8?
-b91aa
In base 16, what is 3ce4c2 + 0?
3ce4c2
In base 15, what is -40 + e248c4?
e24884
In base 16, what is 7 - -3f07d69?
3f07d70
In base 10, what is 397 + 142944?
143341
In base 11, what is -2908 - -3337?
52a
In base 15, what is -35 - 4c792d?
-4c7963
In base 10, what is -87696040 + -7?
-87696047
In base 16, what is 54a88a9 - -c?
54a88b5
In base 2, what is 10110110010101101000001 + 101?
10110110010101101000110
In base 6, what is